1205 - -477?
-728
In base 16, what is -21 - 5519?
-553a
In base 4, what is 11301102 + 0?
11301102
In base 16, what is -7 + -636?
-63d
In base 13, what is 1a9 + a97?
c73
In base 8, what is -112237 + 2?
-112235
In base 13, what is -4 - 1bb74?
-1bb78
In base 15, what is -4 + 236d?
2369
In base 2, what is 1110011011000001100000 + 1?
1110011011000001100001
In base 16, what is -65 - -3fa?
395
In base 9, what is 636 - -24?
661
In base 16, what is -130 + 3?
-12d
In base 4, what is -222011 + -22233?
-310310
In base 6, what is -5 + 2313242?
2313233
In base 15, what is -14 + 97?
83
In base 14, what is -c110 - 3?
-c113
In base 11, what is 17398 + -9?
1738a
In base 10, what is 20 + 439?
459
In base 11, what is 32101 + 1?
32102
In base 4, what is -2132 - 3033?
-11231
In base 4, what is -2 + -3033122?
-3033130
In base 2, what is 1100 - 100100001011111?
-100100001010011
In base 5, what is 3213423 + -1?
3213422
In base 2, what is 111000101010100000 - 11?
111000101010011101
In base 5, what is 333 - -4044?
4432
In base 16, what is 35cd + f?
35dc
In base 6, what is -430 + 2211?
1341
In base 9, what is 1832043 + 2?
1832045
In base 2, what is -10001111011 + 11011010100?
1001011001
In base 13, what is -b66 - a4?
-c3a
In base 14, what is 4b89 - -3?
4b8c
In base 4, what is -101 + -200122?
-200223
In base 6, what is -1141400 + -14?
-1141414
In base 14, what is -25 + -48c61?
-48c86
In base 5, what is 3204113 + -41?
3204022
In base 16, what is -22 + 8e?
6c
In base 8, what is -311 - -6424?
6113
In base 11, what is 70a5 - 2?
70a3
In base 7, what is 0 - 1136362?
-1136362
In base 16, what is -455 + -42f?
-884
In base 14, what is -3c + -166c4?
-16722
In base 6, what is 504 + 4231?
5135
In base 4, what is 102 - 301230?
-301122
In base 16, what is -6a + -69?
-d3
In base 9, what is -14381 + -21?
-14412
In base 4, what is -11231 - 31321?
-103212
In base 11, what is 2 + 103a6?
103a8
In base 12, what is -2 - -b72?
b70
In base 7, what is 153002 - -3?
153005
In base 10, what is 4 + -549177?
-549173
In base 6, what is -24551540 + 0?
-24551540
In base 4, what is -3210211 + 2?
-3210203
In base 11, what is -181 + 1109?
a38
In base 2, what is -1011100110 - 10111110?
-1110100100
In base 9, what is 65 + 110?
175
In base 14, what is 8d + -78?
15
In base 5, what is -2130041 - 12?
-2130103
In base 14, what is -148d + 319?
-1174
In base 6, what is -353 + 111?
-242
In base 3, what is -201100122102 + 1?
-201100122101
In base 12, what is 3 + -16998?
-16995
In base 8, what is -310545 + 3?
-310542
In base 9, what is -1 + -53648?
-53650
In base 15, what is ac4d + 5?
ac53
In base 10, what is -52925 + -6?
-52931
In base 6, what is -5 + 1102303?
1102254
In base 16, what is -219b4 - -2?
-219b2
In base 4, what is -3 + -222233213?
-222233222
In base 5, what is -311013031 + 4?
-311013022
In base 16, what is -ff2 + 1f?
-fd3
In base 13, what is -7 + 9a?
93
In base 5, what is -1400021 - 1?
-1400022
In base 16, what is -2 - -ab2?
ab0
In base 10, what is -3 + 349912?
349909
In base 12, what is 33 + 373?
3a6
In base 14, what is -307 - 17?
-320
In base 16, what is a + -10f03?
-10ef9
In base 9, what is -107 + 1285?
1177
In base 4, what is -213 - 331200?
-332013
In base 11, what is 5 - -17354?
17359
In base 15, what is 5 + b884?
b889
In base 11, what is -496 + 80a?
324
In base 8, what is 11 + -4574?
-4563
In base 4, what is 123 + 11113?
11302
In base 16, what is 12 - -584?
596
In base 16, what is 286 - -11?
297
In base 12, what is -813 - -38?
-797
In base 15, what is -1d + 214ae?
21491
In base 11, what is 4 + 6543?
6547
In base 5, what is -21101220 + -4?
-21101224
In base 2, what is 110010111101 + 101011000?
111000010101
In base 9, what is -30 - 248?
-278
In base 10, what is -5 - -270267?
270262
In base 10, what is 1726 + -53?
1673
In base 3, what is -101202021011 + -12?
-101202021100
In base 15, what is 1600a - 5?
16005
In base 7, what is 352663 - 0?
352663
In base 3, what is 12122220202 + -11?
12122220121
In base 3, what is -11 - 201112111?
-201112122
In base 4, what is 0 + 2103131020?
2103131020
In base 9, what is 3 - 224536?
-224533
In base 14, what is c03 - -7c?
c81
In base 6, what is 1 + -334343?
-334342
In base 11, what is -3 + 1091527?
1091524
In base 4, what is -11 + 12201020?
12201003
In base 3, what is -21010000011 - 1?
-21010000012
In base 11, what is 138 + 192?
31a
In base 5, what is 3244 + -102103?
-43304
In base 8, what is -327 + -667?
-1216
In base 16, what is -3 - -3382a?
33827
In base 14, what is -d - 10aa?
-10b9
In base 8, what is 30166 - -1?
30167
In base 2, what is -101111 - 1000010110100?
-1000011100011
In base 14, what is 305d - 48?
3015
In base 8, what is 232 - 11041?
-10607
In base 9, what is -46271 + -5?
-46276
In base 14, what is 2987 - 2?
2985
In base 2, what is 1000100101 + -11001?
1000001100
In base 16, what is 172 - -3a6?
518
In base 12, what is 37a - 1917?
-1559
In base 14, what is 5c - 396?
-338
In base 4, what is 22 + -213132?
-213110
In base 8, what is -61453 + 44?
-61407
In base 15, what is 6b - 209?
-18d
In base 4, what is -10 - -2312321?
2312311
In base 5, what is -3301113 + -3?
-3301121
In base 14, what is -6 + -173b?
-1743
In base 11, what is 9 - -13415?
13423
In base 15, what is a3d0 - 0?
a3d0
In base 16, what is 0 + -814b2?
-814b2
In base 2, what is -111100001 + 1000110110?
1010101
In base 6, what is -4 + -34005420?
-34005424
In base 5, what is 12313122 + 4?
12313131
In base 11, what is -4 + -12844?
-12848
In base 16, what is 5 - 234c?
-2347
In base 16, what is 1 + -40659?
-40658
In base 2, what is 10010010101000 + -1011?
10010010011101
In base 16, what is ee - -1c8?
2b6
In base 11, what is -6 - -37202?
371a7
In base 15, what is 41 - 43d1?
-4390
In base 12, what is -3a - a636?
-a674
In base 12, what is 24a - -62?
2b0
In base 16, what is -9d381 - -3?
-9d37e
In base 11, what is -9 + 1722?
1714
In base 8, what is -26751 + -227?
-27200
In base 12, what is 0 - a22?
-a22
In base 3, what is 200010200020 + 0?
200010200020
In base 13, what is 18 - -1684?
169c
In base 16, what is 37 - -d9?
110
In base 4, what is 33201012 - -1?
33201013
In base 7, what is 3 - 40352?
-40346
In base 5, what is 0 + -122024443?
-122024443
In base 10, what is -5362 + 931?
-4431
In base 10, what is -15 - 11058?
-11073
In base 6, what is 5 + -1101?
-1052
In base 6, what is 5450 - -131?
10021
In base 11, what is 7593 + 151?
7734
In base 15, what is -16 - -6493?
647c
In base 10, what is 8330 - 688?
7642
In base 14, what is -1 + 3035?
3034
In base 13, what is -1 + -102831?
-102832
In base 10, what is 25246 + -25?
25221
In base 4, what is 12 - -2101110?
2101122
In base 2, what is 101 + 110100000111111?
110100001000100
In base 16, what is -3e - 61?
-9f
In base 3, what is 100 - 111120?
-111020
In base 8, what is -1 + -23157?
-23160
In base 10, what is 1 + 28504?
28505
In base 2, what is -11100101 + 10111?
-11001110
In base 13, what is 272 + 974?
c16
In base 10, what is 398 + 2093?
2491
In base 8, what is 70244 + 4?
70250
In base 8, what is -120 - 55706?
-56026
In base 7, what is 106 + -666?
-560
In base 16, what is 28e1 - 0?
28e1
In base 11, what is -2 + 37267?
37265
In base 10, what is 937276 - 1?
937275
In base 16, what is d99 - -6?
d9f
In base 13, what is bc + ca?
1b9
In base 2, what is -100 - 1100111101011?
-1100111101111
In base 12, what is 4 - -2008?
2010
In base 15, what is -bd2 + 1?
-bd1
In base 12, what is 30 + 80a?
83a
In base 13, what is b + 181?
18c
In base 6, what is 12 + -101334?
-101322
In base 7, what is 1053 - 43551?
-42465
In base 16, what is e737 + 0?
e737
In base 12, what is 44 + -1091?
-1049
In base 14, what is 2271 + -3?
226c
In base 11, what is -14a - -1064?
a15
In base 9, what is -8772 - 214?
-10086
In base 4, what is 32 - -3101203?
3101301
In base 5, what is -113042 + -41?
-113133
In base 3, what is 211211 + -1111210?
-122222
In base 6, what is 21 - 243242?
-243221
In base 8, what is -44407 - 10?
-44417
In base 12, what is 1662245 - -4?
1662249
In base 7, what is -2166 + -12662?
-15161
In base 7, what is 1035 + 121?
1156
In base 14, what is -10 + -3ab8?
-3ac8
In base 12, what is 17b8b58 + -1?
17b8b57
In base 11, what is -41972 - -1?
-41971
In base 15, what is -8 + c379?
c371
In base 3, what is -12121012011 - 2?
-12121012020
In base 16, what is 8 + -42003?
-41ffb
In base 8, what is 111 